11) + -14 - 2.
-33
Calculate 2 - ((-12 - -38) + (-2 - -2) - -8).
-32
What is 8 + (27 - 24) + -9 + 4 + -1?
5
-18 + 9 + (8 - 6) + -4
-11
-5 + (-325 - -337) + -38 + 0
-31
What is the value of 7 + (3 - 1) + 27 + -23?
13
Evaluate 45 - ((25 - (-12 - -28)) + 0).
36
What is -2 - (-1 + (-1 - 11) + -167 + 168)?
10
Calculate -9 - (13 + -3 - (14 - 4)).
-9
Calculate 5 - (-32 + 28) - (7 - -1).
1
What is the value of (-2 - (-6 + -6)) + -61 + 11?
-40
368 + -317 + -5 + -18
28
Evaluate -1 + 21 + (81 - (-103 + 187)).
17
What is the value of -31 - (-30 + 0 + 13)?
-14
Evaluate 2 + (-17 - (-52 + 12)).
25
Evaluate 3 + -2 - (-25 - 2).
28
Calculate -6 - 5 - (-6 + 10 + -13).
-2
Calculate -16 - ((17 + -34 - 31) + 5).
27
Evaluate 3 + (1 + -6 - (21 + -6)) + 8.
-9
What is 4 + (-11 - 8) + 11?
-4
13 + -4 + 9 + -37
-19
What is the value of 25 - ((0 - 3) + 4) - (-141 - -145)?
20
Calculate 1 + 17 + -13 - -4.
9
Calculate 17 + 1 + (11 - 35).
-6
Evaluate 14 - -3 - (-16 + 26).
7
What is the value of -89 + 54 - -21 - (-1 + -45)?
32
Calculate (15 - 10) + -24 + 61 - 5.
37
Evaluate (-1 + -10 + 3 - -19) + -6.
5
Calculate -2 + 30 + -17 + -32.
-21
(-8 - -13) + 3 + -14 - 3
-9
Evaluate (17 - (-3 + -3)) + -3 - (-17 + 21).
16
Evaluate -13 + (-11 - -24) - (1 - 8).
7
What is the value of (-18 + 57 - 20) + -12?
7
Calculate 6 - -1 - (-80 - -103).
-16
Calculate -4 + 16 + 18 + -16.
14
What is -11 + (7 - (1 - (-10 + -3)))?
-18
-51 - -50 - (-34 - -2 - -2)
29
What is 13 - ((-1 - 1) + (7 - (-8 + 8)))?
8
Evaluate -9 - (-3 + (-3 - -2) + -2 + 1).
-4
Evaluate (-52 + 82 - 23) + 1 + 3.
11
What is -21 + 22 + 18 + -31?
-12
(5 - (-5 + 3)) + (-6 - 2)
-1
What is the value of -52 + 28 - (5 + -49)?
20
Calculate (8 + -13 - -9 - 7) + (4 - 10).
-9
Calculate 0 - (-13 + 24) - -4.
-7
Calculate (-1 - 0 - -2) + (2 - 8) + 0.
-5
Evaluate -10 - (-15 + -2 + (22 - 8)).
-7
Evaluate -34 - -11 - (5 + -23).
-5
Calculate -6 - -3 - -6 - (-13 + 7).
9
What is 6 + 18 + -16 + -17?
-9
What is -4 - -3 - -21 - -4 - 5?
19
What is 64 + -66 + (-7 - -2 - 1)?
-8
25 + -36 + 19 + -1 + 33
40
Calculate 25 - (0 + -15 - (-213 + 191)).
18
What is the value of -1 + -2 - (-9 - -23)?
-17
What is -9 + -13 + (-2 - -31) + (1 - 35)?
-27
(-21 + 24 - (9 - 1)) + 21
16
What is the value of -5 - -5 - (-10 + 1 - 2)?
11
Calculate 2 - (-2 - -35) - (-70 - -64 - 3).
-22
Evaluate -33 + (-11 - -22) + 7.
-15
-5 - (11 - 9 - 0)
-7
What is the value of (-7 - -6) + -2 + -2 - (0 - -4)?
-9
24 + 8 + -5 + 2 + -10
19
What is 0 - (36 - 7) - -33?
4
24 + -17 + -10 + 1 + -1
-3
What is the value of -10 + 11 + -4 + (24 - 1)?
20
What is -2 + -7 + (3 - (2 - 1)) + 5?
-2
What is the value of -4 + (9 - (6 - 4 - 2))?
5
What is 14 + (-34 - -12) + (7 - -1)?
0
Evaluate 1 - 8 - (-174 + 161).
6
-1 - (0 + 3) - -25 - (2 - 1)
20
(0 - 5) + (0 - -4) - (92 - 83)
-10
24 + -13 + -5 + 1
7
Calculate -33 + 64 + -16 + -17 + 1.
-1
What is -4 - 7 - (-2 + (-3 - 0) + -1)?
-5
Evaluate 38 + -42 - (3 + (0 - 0 - 5)).
-2
What is 7 + (1 - (-2 - -18))?
-8
Evaluate -18 - -17 - -15 - 5.
9
What is the value of -6 + 20 - (-28 - -31)?
11
Calculate (14 - -2) + (0 - (6 - 3)) + 1.
14
Evaluate (-20 - -4) + 15 + -2.
-3
Calculate -5 + 4 + -3 - -12.
8
Evaluate 0 + 35 + 39 + -43.
31
15 + (-2 - (10 - (20 + -11)))
12
(5 - (1 + -3 + -2)) + -5 + 8
12
Calculate (-2 - (7 + -14) - 3) + 1.
3
Calculate (223 - 226) + (1 - (-7 + -2)).
7
Calculate -1 + -4 - (-5 - (3 + -1 - 4)).
-2
What is the value of (7 - 10 - (1 + (9 - 3))) + 27?
17
Calculate -2 + 15 - (7 + 1 + -3).
8
Evaluate (-1 - 1) + -2 + (-31 - -24).
-11
Evaluate -4 - (15 + -15 + 26 - 13).
-17
3 + 40 + -15 + -20
8
Calculate 5 - 0 - (-22 + 16 + 0).
11
What is the value of -2 + 31 - ((-14 - 37) + 53)?
27
What is -10 + -1 - (-11 + (3 - 7) + 13)?
-9
What is -17 - ((-16 - 0) + 192 + -171)?
-22
Calculate 6 + -2 + (-2 - (-1 + 0)) + -5.
-2
1 + 4 + (6 - (-8 - -23))
-4
Calculate 24 + (40 - 78) + -3 + -2 + 4.
-15
What is the value of -39 - -38 - (-2 + (-3 - (-1 - -1)))?
4
Evaluate -7 - (5 - -4 - (3 - 6)).
-19
What is the value of (7 - (13 - -4)) + (-3 - -17)?
4
What is the value of -3 + -6 + (-1 - (0 + 5 + -1))?
-14
Evaluate 5 - ((-1 - 10) + -165 + 167 + 7).
7
Calculate 5 + 20 + 14 - 25.
14
Evaluate (3 - (1 - 0)) + 2 + -38 + 29.
-5
Evaluate (-2 + 10 - (3 + -12)) + -1.
16
What is the value of -10 + 15 + 1 + -16?
-10
What is the value of -14 + (-3 + 3 - 2 - (-31 + 23))?
-8
What is 17 + -24 + -21 + (2 - (1 - 7))?
-20
What is -6 + 0 - (24 + (6 - -1) + -24)?
-13
What is the value of -164 - -151 - (-22 - 1)?
10
Calculate (8 - (0 + 9) - 1) + 2 + 17.
17
-1 + 14 + (2 - 4) - (45 - 44)
10
What is 940 + -944 + 26 + -1?
21
What is 8 + (-20 - -21 - (36 - 10))?
-17
What is the value of 4 + -7 + 4 + -10 + 23?
14
Evaluate -40 + 46 + -11 + 0.
-5
Calculate (-4 - -12) + -16 + 6 + -7 + 9.
0
(-30 - 28) + 15 - (-15 + 1)
-29
-10 - ((4 - 41 - -3) + 4)
20
What is the value of 0 - -4 - (-3 + -7 + 14)?
0
1 - (11 - (26 + (-6 - -3)) - 8)
21
4 + 0 + (16 + -23 - -4) + 6
7
Evaluate (19 + -8 - 23) + -1 + -1.
-14
What is the value of 34 - (-63 - -15 - -64)?
18
What is the value of -23 - -46 - 4 - 32?
-13
What is the value of -11 - (16 + -25 - 1)?
-1
What is the value of (-88 - -82) + -8 + 22?
8
What is the value of 8 - (-8 - -12) - -6?
10
What is the value of (-19 - -33) + 3 + -20?
-3
Evaluate 18 + -54 + 44 + -29.
-21
What is the value of 3 + 5 + 9 + (-11 - -15)?
21
Evaluate 0 - 18 - (-3280 + 3269).
-7
Calculate -14 - 9 - -5 - (4 - 12).
-10
Evaluate (-560 - -563) + 1 + -6.
-2
-6 + -1 + 1 + -5 + -1
-12
(15 - -3) + -42 + 28
4
What is -18 + -2 + -2 + (14 - 24)?
-32
0 + 4 + 7 + (1 + -1 - -1)
12
Evaluate 5 + 1 + -10 + (-5 - -12) + 6.
9
What is the value of 12 + (-3 + 5 - -1) - 12?
3
What is the value of -9 + -20 + 21 - (0 + 5)?
-13
What is -7 - 10 - 6 - -37?
14
What is 2 + 0 + -7 - -10?
5
What is (0 - 13) + (179 - 173)?
-7
What is the value of ((-9 - -6) + (1 - 1) - 0) + -7?
-10
What is the value of -24 + 14 - -4 - (-1 - (0 + -4))?
-9
0 - (-8 + -17 + 28)
-3
What is the value of -6 - (-17 + -7 + 18)?
0
Calculate (85 - 90) + 0 + 0 + 2 + 0.
-3
What is (-23 - -2) + -23 + 49?
5
8 + -19 - (-29 + 8) - -7
17
Calculate -12 + (-16 - -39) - 24.
-13
Calculate 6 + -7 + (11 - 5) + -17.
-12
Evaluate 10 - (37 - (1 + 18)).
-8
Evaluate 72 + -67 + (-3 - -1) + -11.
-8
What is 2 + (2 + 2 - 6) + -9 + 1?
-8
Evaluate -1 + (20 - (2 - -2)) + -7 + -6.
2
Evaluate (-11 - (-22 - 1)) + -7.
5
Evaluate 6 + (5 - (13 + -8) - 2).
4
Evaluate -820 + 809 + 0 + (17 - -1).
7
What is the value of -13 + (8 - 0) + -2 + 7 + -12?
-12
Evaluate -8 - (9 - (-6 - -14) - (1 - -21)).
13
Calculate -17 + (17 - 2) + 1 + 0 + -8.
-9
What is 0 + (9 - 3 - -5 - 3) - 6?
2
What is the value of -454 + 466 + 1 + -11 + -1?
1
Evaluate 16 - (0 + -2 + (19 - 2)).
1
What is (12 - (-9 + 16)) + 5 + -8 + -15?
-13
Evaluate -7 - (6 + -6 - 6) - 3.
-4
What is 3 + -1 + (-2 - 3) + -2 + 20?
15
Calculate -35 + -36 + 56 + 47.
32
Calculate 0 - 2 - (5 + (10 + -12 - 1)).
-4
What is -134 - -141 - (-3 + (1 - 4))?
13
What is the value of (-14 - -10) + -1 + (1 - 4) + 17?
9
Calculate -14 + (16 - 21) - -14.
-5
3 - (9 + 5 + (-5 + 9 - 6))
-9
Calculate -12 + (-8 + 7 - -20).
7
Evaluate 0 + (45 + -22 + -16 - (1 - -21)).
-15
What is -15 - (-27 - (29 - 27))?
14
What is the value of (-8 - (-7 + 8)) + (-38 - -40)?
-7
3 + 3 + -11 + (-7 - -19)
7
Calculate -10 + 12 + -12 - (-3 - 2).
-5
What is the value of -19 + -36 - -20 - -64?
29
(35 - (1 - -10)) + -11
13
What is -56 + 14 - (-22 + -3)?
-17
What is -5 + 4 + -6 + 5 + 11 + -6?
3
Evaluate 0 - -9 - (-299 - -296) - (-1 - 1).
14
Evaluate -8 + (3 - -2) - 1 - -14.
10
Calculate -34 + 43 - (-1 + -2 + -1).
13
What is the value of 22 + -51 + (-12 - -27)?
-14
390 + -379 - (3 + 0)
8
What is -1 + -2 + (-61 - (-92 - -44))?
-16
What is the value of -2 + 1 + (26 - 25) + -5?
-5
Calculate (83 - 117) + -1 + 57.
22
What is 1 - 0 - (6 + 3 + 0 + -16)?
8
Calculate -11 + 5 - ((2 - -17) + -10).
-15
Calculate (2 - (4 + 4) - -6) + -10.
-10
Evaluate (-18 + 38 - 26) + (-15 + 2 - -1).
-18
Calculate -1 + 1 - 0 - (8 - (28 - 23)).
-3
What is the value of -110 + 116 - (5 + 0)?
1
What is the value of 25 + 37 - (40 - 5)?
27
What is the value of (-26 - -9) + -10 + 18?
-9
What is -87 + 189 + -91 + 0 + -38?
-27
Calculate -2 - (-1 + 4) - (46 - 38 - 36).
23
-13 + -33 + 47 + (19 - 2)
18
What is -10 - (1 + 11 + -17)?
-5
Calcula